et u(n) = n**3 + n - 8. Give u(x).
-8
Let m(p) = -20*p - 14. Let f(y) = -7*y - 5. Let b(s) = -11*f(s) + 4*m(s). Calculate b(-6).
17
Let u(o) = -6 - o**3 - 17*o + 12 - 7 + o**2 + 16*o. Give u(-2).
13
Let z(w) = -1 - 4*w**2 + 5*w - 3*w**2 + 11*w**2 + 5*w**3 - w**3 - 5*w**3. Determine z(5).
-1
Let p(v) be the second derivative of -v**7/504 + v**6/720 - 29*v**4/12 + 34*v. Let a(d) be the third derivative of p(d). Calculate a(1).
-4
Let m(a) = a + 1. Suppose n = -5*n - 6. Let d(y) = -y**2 - 5*y - 8. Let b(l) = n*m(l) + d(l). Give b(-6).
-9
Let c(j) = -5*j**3 - 5*j**2 + 38. Let u(i) = 14*i**3 + 15*i**2 - 106. Let t(w) = 11*c(w) + 4*u(w). Calculate t(-4).
10
Let h(q) = q**3 + 6*q**2 + 3*q + 9. Suppose -c + 2*c + 8 = 0. Let z(d) = 2*d + 10. Let b be z(c). Give h(b).
-9
Let t(i) = -i**2 + 9*i + 4. Let v be t(9). Let d(h) = -7*h**3 + 4*h**2 + 11*h**3 - 3 - 5*h**3 + 2*h. Calculate d(v).
5
Let y(o) = -o**3 - 3*o**2 + 4. Let j = -192 + 188. Give y(j).
20
Let t(j) = -3*j. Let w = 138 - 135. Calculate t(w).
-9
Let r(f) = -3*f**3 + 13*f**2 - 23*f - 20. Let i(k) = k**3 - 4*k**2 + 8*k + 7. Let j(x) = -8*i(x) - 3*r(x). Let a be 16/(-32) + 26/4. What is j(a)?
-2
Let z(h) = -h**3 - 2*h**2 + h - 1. Let c(x) = 2*x**2 + 7*x + 6. Let p be c(-4). Let n be ((-72)/(-168))/(2/14). Suppose -n*j + p = -8*j. Calculate z(j).
-3
Let o(s) = -4*s. Let b be 5*1*1 + (-88)/44. Suppose -8 = 4*m - 4*w, 0 = b*m + w + 2*w - 18. Give o(m).
-8
Let z be 3 - 5*(42/(-15) - -2). Let s(n) = -z*n**2 - 1 + 90*n - 4 - 81*n + n**3 - 1. Suppose -2*g = -5*g + 18. Determine s(g).
12
Let i(w) = -2*w + 3. Suppose 3*a - 6*a = -t + 14, t - a - 6 = 0. What is i(t)?
-1
Suppose 3*f = -3, 5*d = -0*d + 5*f + 80. Let t(m) = -d + 14 - m + 13. What is t(5)?
7
Suppose z + 1 = 7. Let h(v) = -v - 4 + z + 2. Let j = -5 - -10. Give h(j).
-1
Suppose 2*b = 59 - 53. Let g(p) = p**2 - 9*p**3 - p + 0*p**3 + 8*p**b. Calculate g(0).
0
Let n(y) = 3*y + 2. Let v(k) = -k + 16. Let t be v(7). Suppose 0 = -4*m + t*m. Suppose 3*p + 19 = -i, 4*p - 5*i + 0*i = m. Determine n(p).
-13
Let s(b) = b**3 + 4*b**2 - 7*b - 5. Let t be 24/10 - 3/(-5). Let j(o) = o**3 - 4*o**2 + 4. Let u be j(t). Calculate s(u).
5
Let w(t) = -2*t**3 + 15*t**2 + 29*t - 32. Let z(m) = m**3 - 8*m**2 - 14*m + 16. Let u(i) = -2*w(i) - 5*z(i). Give u(11).
-5
Suppose 3*a + 0*a = 0. Let b be 4/(-10)*(a + -70). Let i = -27 + b. Let h(m) = -4*m**3 - m. What is h(i)?
-5
Let n(j) be the second derivative of -j**6/120 + j**4/24 + j**3/3 - 9*j**2/2 + j. Let b(q) be the first derivative of n(q). Give b(0).
2
Let j(l) = -7*l**2 + l. Let r(g) = -g**3 + 3*g**2 + 2*g - 6. Let u be r(3). Suppose 0*k - 2*k - 2 = u. What is j(k)?
-8
Let w(l) be the third derivative of l**4/12 - 7*l**3/6 - 101*l**2. Give w(5).
3
Let l(p) = -140*p + 566. Let a be l(4). Let y(g) be the second derivative of -1/6*g**3 + a*g**2 + 6*g + 0. Calculate y(0).
12
Let f(i) be the third derivative of -i**5/60 + i**4/3 - i**3/2 + 84*i**2. Determine f(5).
12
Let b(u) = 2*u**3 - 7*u**2 + 2*u - 2. Let z(v) = v**3 - v**2. Let i(s) = b(s) - 3*z(s). Let p be 3/(-1 + 4) - 5. Determine i(p).
-10
Let o(s) = -2*s - 1. Let f(i) = -8*i - 20. Let z be f(-7). Let g = z - 9. Let q be (-2)/(-7) - g/21. What is o(q)?
1
Let w(y) be the third derivative of y**5/60 - y**4/24 + y**3/6 - 407*y**2. Give w(2).
3
Let p(n) = -n**2 + 8*n + 8. Suppose -3*u + 8 = 4*m, 5*u - 4*m = -m + 52. Let l be p(u). Let q(a) = a - 7. Calculate q(l).
1
Let n(i) = 20*i - 54*i + 14*i + 18*i + 9. Give n(8).
-7
Let s(g) = -10 + 6140*g - g**2 - 6154*g + 0. What is s(-10)?
30
Let p(i) be the first derivative of i**2/2 + 10*i - 200. What is p(-9)?
1
Let x(k) = -k - 16. Let p be x(12). Let s be (-2)/(-14) - (-172)/p. Let f be (-27)/(-6) - 3/s. Let t(h) = h - 6. Give t(f).
-1
Let u(x) be the third derivative of -1/12*x**5 - 5 + 1/120*x**6 - 1/6*x**3 - x**2 + 0*x**4 + 0*x. Determine u(4).
-17
Let s(u) be the first derivative of 3/2*u**2 - 1/3*u**3 - 42 + 4*u. Determine s(4).
0
Suppose 4*y - 26 = -42. Let r(h) = -5*h**2 - 10*h + 3. Let z(m) = -27*m**2 - 51*m + 14. Let a(p) = 11*r(p) - 2*z(p). Give a(y).
21
Let q(s) = 17*s - 6. Suppose 16*u - 20*u = -2*n, -26 = -4*n - 5*u. Determine q(n).
62
Let u(c) be the third derivative of -c**6/120 - c**5/60 - c**4/24 - c**3/3 - 4*c**2 + c. Let s be ((-4)/5)/(4/(-10)). Suppose 0 = -2*z - s*z. Calculate u(z).
-2
Let h = -19 + 24. Let t(m) = 3*m**3 + 5*m**2 - 3*m - 9. Let p(k) = -4*k**3 - 5*k**2 + 4*k + 10. Let l(w) = h*t(w) + 4*p(w). What is l(5)?
0
Let s be 21/(-3)*-1 + 0. Suppose 0 = -y + s - 2. Let t(z) = z**3 - 5*z**2 - 2*z + 7. Determine t(y).
-3
Suppose 7*x - 6*x = -5*g + 24, -2*x = -4*g + 22. Suppose -2 + 14 = 4*t. Let c(a) = -a - a + 10 + t*a - 8. Give c(g).
7
Let f(v) be the third derivative of -v**7/2520 - v**6/240 + 11*v**5/60 + 35*v**2. Let a(r) be the third derivative of f(r). Calculate a(-3).
3
Let g(y) = y**3 + y**2 - 3*y + 2. Let c(n) = n**3 - 10*n**2 + 10*n - 12. Let l = 24 + -15. Let k be c(l). What is g(k)?
-7
Let y(u) be the third derivative of -u**6/60 - 23*u**5/60 - 11*u**4/24 + u**3/6 - 80*u**2. Give y(-11).
1
Let f(o) = -o**2 - 7*o + 5. Let y be (3 - 2)/(-4) + 388/16. Suppose 0 = p + 2*p + y. Calculate f(p).
-3
Let x(q) = -3*q + 5. Let n be -1 + (-12)/2 + 3. Let f(v) = 3*v + 1. Let c(p) = p. Let k(l) = -10*c(l) + 4*f(l). Let r be k(n). Determine x(r).
17
Let x(a) = 10*a + 32. Let b be x(-3). Let q(m) = 7*m - 3. Give q(b).
11
Let s(n) = 2*n - 2. Let o(l) = -l**3 - 11*l**2 - 9*l + 7. Let p be o(-10). Let c be (-3 + -3)*2/p. Suppose -3*d + c = -11. Calculate s(d).
8
Let g(h) = -29*h**3 - 10 + 8*h**2 + 90*h**3 - 26*h**3 - 36*h**3 - 4*h. What is g(7)?
11
Suppose 5*z + 10 = -0. Let n(i) = 1 + i**3 + 47*i - 3*i**2 - 37*i - 12*i. Determine n(z).
-15
Let k(b) = 20*b - 9. Let r be 0/(-2) + (9 - 6). Let a(j) = 7*j - 3. Let i(w) = r*k(w) - 8*a(w). Let d be i(2). Let v(y) = y - 1. Determine v(d).
4
Let u(x) be the first derivative of -x**2/2 + 10*x + 717. Determine u(6).
4
Let g(f) = 3*f + 53. Let i be g(-20). Let h(p) = -p**3 - 6*p**2 + 5*p - 2. Give h(i).
12
Let h(o) be the second derivative of o**4/12 + 4*o**3 - o**2 - 432*o. Determine h(-24).
-2
Suppose 0 = 2*n - 3*n - 2*i - 10, -5 = n + i. Let u be 1 + (n + (0 - -1))/1. Let w(g) = -3*g + 4. Let m(k) = k - 2. Let q(o) = -7*m(o) - 3*w(o). Give q(u).
6
Let u(i) be the second derivative of -i**3/6 + 5*i**2/2 + 4*i. Let k be 2*(-2 + -3 + 7). Determine u(k).
1
Let t(y) = 4*y**3 + 27*y**2 + 10*y + 13. Let g be t(-6). Suppose 0 = -4*b + 89 + 155. Let s(c) = c - b + g. Determine s(-3).
-3
Let u(p) = -5*p**3 - p**2 + 2*p - 2. Let n(o) = o**3 - 10*o**2 + 8*o + 11. Let w be n(9). Calculate u(w).
-42
Let t(g) = g + 1. Let d(y) = y - 2. Let l be d(2). Let m be t(l). Let r(v) = 2 + 14*v - 26*v + 10*v - 1 - v**2. Give r(m).
-2
Let k(r) = -r - 2. Let j be k(0). Let n(c) be the first derivative of -2*c**3/3 + 3*c**2/2 + 2*c - 671. What is n(j)?
-12
Let c(j) = -7*j**2 + 13*j + 4. Let b = -10 - -12. Let i(w) = -2*w**2 + 6*w + 2 - 2*w**b + 0*w**2 + w**2. Let u(d) = 2*c(d) - 5*i(d). Give u(3).
-5
Let n(l) = l**3 - 6*l**2 + 7*l - 11. Suppose -100 = -17*i - 3*i. Calculate n(i).
-1
Let a(x) = -81269*x + 81267*x - x**2 + 8*x**3 - x**2. Calculate a(-1).
-8
Let j(f) = -145 - 11*f**2 - f + 85 + 69 + f**3. Calculate j(11).
-2
Let d(p) = 4*p - 3. Let c be d(1). Let x(u) = -3*u + 1. Let y(f) = -1. Let g(m) = c*x(m) - 3*y(m). Calculate g(5).
-11
Let i(o) = -13*o + 13. Let d(j) = 21*j - 20. Let p(y) = -5*d(y) - 8*i(y). Suppose 0 = 5*q - 0*q. Determine p(q).
-4
Let u(c) be the third derivative of c**4/12 - 3*c**3/2 + 6*c**2 + 1. What is u(0)?
-9
Let f(y) = y**3 + 11*y**2 + 13*y - 35. Let i be f(-9). Let h(d) = -d**2 + 8*d + 16. What is h(i)?
-4
Suppose 11 = -2*w - z, -5*z - 10 = w - 0*z. Let b = 3 + w. Let q(s) be the third derivative of s**6/120 + s**5/60 + s**4/12 + s**3/3 - 11*s**2. What is q(b)?
-6
Suppose -3*f - 135 = 5*l, -4*f + 34 + 76 = -3*l. Let p be 12/42 - (-2 + l/(-7)). Let m(q) = -11*q - 1. Calculate m(p).
21
Suppose 5*x + 14 = 24. Let l(p) = 2 + 4*p**3 - 19*p + 22*p - 5*p**3 + 2*p**x. Let u be (-4)/22 - (-70)/22. Determine l(u).
2
Let o(n) = 2*n**3 - 7*n**2 - 6*n + 2. Let k(p) = p**3 - p**2 - p. Let w(g) = 3*k(g) - o(g). Let a be ((-60)/(-16) + -3)*-4. Give w(a).
-2
Suppose 3*